 = y*s. What is the highest common factor of 4 and s?
4
Suppose 10*g + 1702 = -228. Let w = g + 220. Calculate the greatest common divisor of w and 3.
3
Suppose -76 = -5*s + 54. Let w(f) = 64*f**3 + 17*f**2 - 21*f + 5. Let x be w(1). What is the greatest common divisor of x and s?
13
Suppose 14*b - 522 = 395 + 119. Let a be 2/((-92)/94 + 1). Let k = a - b. What is the highest common factor of 60 and k?
20
Let g(w) = -2*w**3 - 60*w**2 - 114*w - 40. Let c be g(-28). Calculate the greatest common factor of 3008 and c.
16
Suppose -152*g + 154*g = -118. Let p = 72 + g. Calculate the greatest common factor of p and 13.
13
Let i = -42108 + 42524. Calculate the greatest common divisor of 12688 and i.
208
Suppose 26*o - 16*o = -870. Let q be (0 - o) + (-15 - -12). What is the greatest common factor of q and 72?
12
Let y be (-27)/((-162)/(-68))*2370/(-2). Calculate the greatest common divisor of 170 and y.
170
Let i(u) = u**3 + 3. Suppose -o = -6*o. Let m be i(o). Suppose -4*t = 5*v - 25, -m*t + 12 = 2*v - t. Calculate the highest common factor of v and 2.
1
Let a(u) = -6*u**3 + 5*u**2 + 2*u + 2280. Let c be a(0). Calculate the highest common factor of 48 and c.
24
Let o = 1164 - 1148. Calculate the highest common factor of o and 20656.
16
Let z(s) be the third derivative of -5*s**4/4 + s**3/2 + 8*s**2. Let j be (-52)/10 - (-5)/25. Let w be z(j). What is the highest common divisor of w and 17?
17
Suppose 0 = 20*b - 16*b + 12, 139 = q + 5*b. Let w = q + -122. Calculate the highest common divisor of w and 160.
32
Let p be (5 + (-1 - -8))*1441/33. What is the greatest common divisor of 68 and p?
4
Let b = -9200 + 9262. What is the greatest common factor of b and 3379?
31
Let q be 2/3 + (-878)/(-6). Suppose -4723*c + 4484*c = -5019. Calculate the highest common factor of c and q.
21
Let r be 0 + (30/7 - 38/133). Suppose -5*x + 140 = r*u, -7 - 8 = -3*u. Calculate the greatest common factor of x and 56.
8
Let o(x) = x**3 - 8*x**2 - 130*x - 71. Let b be o(21). Calculate the highest common factor of 4 and b.
4
Let w be 20/40 + (-18)/(-4). Let u be w + -4 - (1 - -8). Let g be (2 - -3)*u/(1 + -2). Calculate the highest common factor of 10 and g.
10
Let n = -6716 + 8092. What is the greatest common divisor of n and 258?
86
Suppose 23 + 382 = 5*b. Suppose 2212*f = -2190*f + 808*f + 420498. What is the highest common divisor of f and b?
9
Let a(z) = 2*z - 12. Suppose 6*m = 45 - 3. Let r be a(m). Suppose r*f + 3 = 5*d, f + 6 = 5*f + 2*d. What is the greatest common factor of 19 and f?
1
Let x(o) = o + 2. Let g be x(4). Suppose -i - 4*f = -27, -56*f + 54*f + 38 = 4*i. What is the greatest common divisor of g and i?
1
Let k(b) be the first derivative of b**2 + 27*b + 20. Let v be k(12). What is the greatest common divisor of v and 136?
17
Let b be (-1*(-3342)/(-3))/(2/(-15)). Let u be -1 - 2/(-2 + 16716/b). Let x be (-4)/(-18) + 5 + u/(-18). Calculate the highest common factor of x and 32.
32
Suppose 336 - 193 - 167 = -24*c. Let y be (15/6)/((-1)/(-2)). Calculate the greatest common factor of y and c.
1
Suppose 0 = 3*b - 18, -68 - 36 = -4*s + 4*b. Calculate the greatest common factor of 1192 and s.
8
Let o(d) = -d - 7. Suppose -4*g + 2*c = -8, -g - c + 14 = 3*g. Let w = g - 11. Let v be o(w). What is the greatest common factor of 9 and v?
1
Suppose m - 281 = q, -199 = -m + 6*q + 102. Suppose 3*y = 4*n + 492, 4*y - 208 = 3*n + 161. Let f = m + n. What is the greatest common factor of 14 and f?
14
Let p be 46*((-28)/2)/(-14). What is the greatest common divisor of 8464 and p?
46
Suppose 4*q + 16*i - 16 = 15*i, -2*q - 6 = 4*i. Suppose q*y = -7*y + 816. Calculate the highest common factor of 170 and y.
34
Let q(m) = m**3 + 6*m**2 - m + 5. Let o be q(-6). Let g be (30/4)/(15/36). Suppose -21*n + 99 = -g*n. Calculate the greatest common divisor of o and n.
11
Let g be ((-15)/75)/((-1)/25) + 1995/21. Calculate the highest common divisor of g and 30800.
100
Let t be ((-1)/(-5))/(10/7500*30). What is the greatest common factor of 5220 and t?
5
Let v = -668 + 956. Suppose 1116 = 43*a - 12*a. Calculate the highest common divisor of a and v.
36
Let d(n) = -44*n**2 - 11*n + 146. Let k(f) = 44*f**2 + 11*f - 147. Let s(v) = -5*d(v) - 4*k(v). Let r be s(7). Calculate the highest common divisor of 51 and r.
51
Let g be 34/(24 - (-940)/(-40)). What is the greatest common divisor of g and 15861?
17
Let n(p) = -4*p**2 + 43*p + 6. Let a be n(10). Let g be -4 - (a/126 - (-1180)/(-14)). What is the greatest common divisor of 24 and g?
8
Let x = 7 - -4. Let v = x - 5. Let f be -55 - 9*(-273)/27. Calculate the highest common factor of v and f.
6
Let c(q) = 5*q + 9*q - 22*q - 21. Suppose 0 = o - 3*m + 5, 2*m + 15 = -0*o - 3*o. Let h be c(o). Calculate the greatest common divisor of h and 57.
19
Let c(w) = 849*w + 3. Let s be c(-4). Let i be 4/(-6) - s/27. Let p = i + -89. What is the greatest common factor of 180 and p?
36
Let i = -403 + 408. Suppose -m + i*k + 65 = 3*k, m + 3*k - 75 = 0. Calculate the highest common factor of 253 and m.
23
Suppose 9*b = 4*m + 6*b - 21, -2*m = -2*b - 10. Suppose 4*x - 3*w = 895, 2*x + m*w - 2*w - 420 = 0. Calculate the greatest common divisor of 20 and x.
20
Suppose -2*u - 119*k + 255 = -114*k, -k + 519 = 4*u. What is the greatest common divisor of u and 500?
10
Let h be (-282)/(-12) - (-1)/(-2) - 7. Calculate the greatest common divisor of h and 3952.
16
Let l(d) be the second derivative of d**5/20 - 13*d**4/12 - d**3 - 41*d**2/2 + 37*d. Let t be l(14). What is the highest common factor of t and 426?
71
Suppose 3*a = o + 28, 29*a - 31*a - 3*o = -37. Let p be ((-11)/(a/(-36)))/((-2)/(-15)). Calculate the greatest common divisor of 18 and p.
18
Suppose -q - 4*q + 28 = c, 5*c - 15 = 0. Suppose -5*p + 5 = -q*l + 40, l + 5*p = -11. Calculate the highest common factor of 20 and l.
4
Let d = -769 - -1171. Suppose -5*r + d = 52. What is the greatest common divisor of 10 and r?
10
Let v = -13256 + 14005. What is the greatest common divisor of 2568 and v?
107
Let o = 794 + -402. Let h = o - 367. What is the highest common divisor of h and 10?
5
Suppose 416*g = 508*g - 260544. What is the highest common factor of 3009 and g?
177
Let x(m) = -3*m**2 - 13*m - 5. Let p be x(-3). Let b be (6 + -1 - 1) + p. What is the greatest common divisor of 77 and b?
11
Suppose 355 = -z + 5*v, -v + 1101 = -3*z - 4*v. Let q be (-2)/3 + 32/(-24) - z. What is the greatest common factor of q and 33?
33
Let y(w) = 7*w - 1. Let f be y(-2). Let h = 22 + f. Suppose -614 = -h*o + 541. Calculate the greatest common factor of 15 and o.
15
Suppose 137*n - 23*n - 690256 = 850454. What is the highest common divisor of 34 and n?
17
Let t(l) = -l + 4. Let m(r) = r**2 - 13*r + 10. Let s be m(8). Let f = -37 - s. Let q be t(f). What is the highest common divisor of 11 and q?
11
Suppose -2*j = -3*j + 99. Let m = -401 - -402. Let k be 201/18 - 2/12*m. Calculate the greatest common divisor of j and k.
11
Let z = 1543 - 1501. What is the greatest common factor of z and 1?
1
Let w = 1904 + -1163. Let i(q) = -q + 26. Let y be i(-13). Calculate the highest common divisor of y and w.
39
Let v = 320 - 280. Suppose 80 = 44*u - v*u. Calculate the greatest common divisor of u and 44.
4
Suppose 5*q = 3*b - 152, 2*q + 111 + 101 = 4*b. What is the highest common divisor of 6858 and b?
54
Let m be 280/(-42)*18/(-24). What is the highest common divisor of 13 and m?
1
Suppose -236 - 14 = 2*l. Let i = l + 141. Suppose 7*p + 144 = i*p. Calculate the highest common divisor of 2 and p.
2
Suppose 1 = -q + 4. Suppose 809*p + 7020 = 1394*p. Calculate the highest common factor of q and p.
3
Suppose -11340 + 13617 = 119*p - 14621. Calculate the greatest common factor of p and 710.
142
Suppose 35*c - 1736 = -21. Calculate the highest common factor of c and 1.
1
Let i(d) = d**2 - 11*d + 17. Let x be i(7). Let o be 190 - (4 + 2 + x). Let n be 78/(-8)*4*-1. Calculate the greatest common factor of n and o.
39
Let p(a) = 2*a**3 - 20*a**2 + 25*a - 54. Let u be p(9). Calculate the highest common factor of 23229 and u.
9
Suppose 0 = 69*f - 6450 - 795. What is the greatest common divisor of 1673 and f?
7
Let l = -15 + 36. Suppose 8*c = 19*c - 6468. Suppose 0 = -j - 3*j + c. Calculate the highest common divisor of l and j.
21
Suppose -4*x